.
6
Suppose -z = -4 - 4. Let n be (-3 - 1)/(26/39). Let x be 54 - (4 - (0 - n)). What is the highest common factor of x and z?
8
Suppose 125*w - 1764 = 76*w. Calculate the highest common divisor of 54 and w.
18
Let v = 26 + -21. Suppose 3*t - 2*t = 3*x + 62, 4*x - 272 = -v*t. Calculate the highest common divisor of 14 and t.
14
Suppose 4*z = -2*t - 56, -2*z + 7*z + 120 = -5*t. Let v be (-1)/(-1 + t/(-22)). What is the greatest common factor of 121 and v?
11
Let g = 671 + -503. What is the highest common divisor of 126 and g?
42
Suppose 3*k = 4*t - 0*k - 1009, -4*k = -5*t + 1260. Suppose 80 = -2*q + t. What is the highest common factor of q and 11?
11
Let v be (-1 - -1) + 30 + 117. Suppose -7*p + v = -483. Let i = -5 + 15. Calculate the highest common factor of i and p.
10
Suppose -12*x + 1174 = 5*z - 8*x, 5*x = 2*z - 496. What is the highest common divisor of z and 154?
14
Let u(p) = 11*p + 4. Let n be u(4). Suppose -220*y + 299*y + 56 = 530. What is the greatest common factor of y and n?
6
Let n be 408/6 + -1 + 5. Suppose q + n = 10*q. What is the greatest common factor of q and 72?
8
Suppose 2*s = -3*s - n + 452, 0 = -5*s - 5*n + 460. Suppose -3*d = -b - 50, -7*d + 2*d + 3*b = -s. What is the highest common divisor of d and 165?
15
Suppose 0 = 11*o - 7*o - 144. Let c(t) = t**2 + 2*t + 4. Let d be c(-2). What is the highest common factor of o and d?
4
Let u be ((-1)/(-2))/((-1)/(-12)). Let j = 9 - -43. Suppose -5*z = -2*s - 236, 0 = z + 3*s - s - j. What is the highest common factor of z and u?
6
Suppose -428 = 3*h + 55. Let c = h - -239. Let w be c/8*48/18. Calculate the highest common divisor of w and 65.
13
Let r(x) = 7*x**2 - 2*x - 2. Let u be r(3). Let t(d) = -d**2 + 372. Let o be t(-19). What is the highest common factor of o and u?
11
Suppose 13*u - 543 = 497. Let p = 57 + -41. What is the highest common divisor of u and p?
16
Let z be 6*12/36 - (-10 + 1). Calculate the greatest common factor of 451 and z.
11
Let r be (-2)/1 + (-89)/(-1). Suppose 62 = 2*m - 2*i, 2*i = 2*m - 2*i - 66. Calculate the greatest common factor of m and r.
29
Suppose -21 = -27*i + 6*i. What is the greatest common divisor of 27 and i?
1
Let k = -30 - -289. Suppose 134 = -2*t + o - 3*o, 4*t = 5*o - k. Let m = -31 - t. What is the highest common divisor of 5 and m?
5
Let n be 408 + (0/(-4) - 0). Let l = 184 - n. Let c be l/(-12) + (-2)/(-6). What is the highest common divisor of 152 and c?
19
Suppose 0 = 5*o + 2*w - 54, 50 = 5*o + 3*w - 1. What is the highest common factor of 138 and o?
6
Suppose 22*y = 375 + 395. What is the greatest common divisor of 1120 and y?
35
Let z(r) = -4*r - 50. Let k be z(-15). Let t = -5 + 7. Suppose -30 = -t*i + k. Calculate the highest common divisor of i and 20.
20
Let j be ((-11)/(-3))/((-3)/(-9)). Let v(w) = 36*w + 567. Let p be v(-13). What is the highest common divisor of p and j?
11
Suppose -34 = 7*r - 1210. What is the highest common divisor of r and 6?
6
Let q(i) = -i**3 + 12*i**2 - 12*i + 16. Let z be q(11). Suppose z*u - u - 46 = -2*h, u + 3*h = 19. Calculate the greatest common divisor of u and 65.
5
Let b = -339 - -443. What is the highest common divisor of b and 156?
52
Let m(w) = -2*w - 14. Let d be m(-8). Suppose 0 = u - d. Calculate the highest common factor of u and 2.
2
Suppose 14*n - 294 = -5*y + 12*n, -6 = 2*n. Calculate the greatest common divisor of 180 and y.
60
Suppose -4*t = -5*r + 9, -3*t = -4*r + 9 - 1. Suppose 5*y = 4*y. Suppose y = -2*z - z + 108. Calculate the greatest common divisor of t and z.
4
Let z = -2342 - -4136. Let r be z/65*10/2. Let c = r - 54. What is the greatest common factor of c and 12?
12
Let h(p) = 28*p - 160. Let b be h(16). Calculate the greatest common divisor of 45 and b.
9
Suppose -4*b = b - 100. Let h(q) be the first derivative of -51*q**4/4 - q**3/3 - 7. Let n be h(-1). Calculate the highest common divisor of n and b.
10
Suppose 4*p - h = 3*h + 56, -3*p - 4*h + 21 = 0. Let d = p - -29. Let z(v) = v**2 + 5*v + 10. Let q be z(-6). Calculate the greatest common divisor of q and d.
8
Suppose 0 = 6*k + 198 + 60. Let p = -7 - k. Calculate the highest common factor of 9 and p.
9
Suppose 0 = -3*k + 2*m - 190, k + k = 2*m - 128. Let h = k + 95. What is the greatest common divisor of 11 and h?
11
Let b(h) = -19*h**3 - 2*h**2 - 10*h - 4. Let x be b(-2). Calculate the greatest common divisor of 20 and x.
20
Let i(j) = -j**3 - 3*j**2 - 9*j - 10. Let b be i(-3). Calculate the highest common divisor of b and 136.
17
Let c = 2265 - 2254. Let i(f) = f**2 + 6*f + 7. Let s be i(-5). Suppose -v + 0 - s = -4*x, -2*x + 5*v - 8 = 0. Calculate the greatest common factor of x and c.
1
Let f be -6*3*8/144*-3. Calculate the greatest common divisor of 11 and f.
1
Let v = 10 + 22. What is the highest common factor of 16 and v?
16
Let p = -12 + 26. Let y be (-4)/p + 552/21. Suppose 2*t - y = 2. Calculate the greatest common factor of t and 98.
14
Suppose -300 + 75 = -15*l. Calculate the highest common factor of l and 60.
15
Suppose 0 = -c + 2*c - 36. Suppose 4*m - 17 = -4*h + 15, -8 = 4*m. Suppose -6*i + h*i = 48. Calculate the highest common divisor of i and c.
12
Suppose 4*y = 33 - 1. What is the greatest common divisor of 216 and y?
8
Suppose -532 - 170 = -3*p. Suppose -2*l = -5*r - 52, 5*r + 35 = l + 9. Calculate the greatest common divisor of l and p.
26
Let w = 29 + -3. Let q(r) = -r**3 + 20*r**2 - 5*r + 20. Let b be q(19). Calculate the highest common factor of b and w.
26
Let m(o) = 43*o**3 - 2*o + 3. Let r be m(2). Let l = r + -208. What is the highest common divisor of 9 and l?
9
Suppose 18*q + 21*q - 975 = 0. What is the highest common divisor of 1475 and q?
25
Let x(k) be the second derivative of -11*k**3/6 - 37*k**2/2 + 31*k. Let n be x(-6). What is the highest common divisor of n and 87?
29
Suppose -36 = -0*y - 9*y. Calculate the highest common factor of 42 and y.
2
Let b(p) = 36*p**2 + 4*p. Let s be b(2). Calculate the highest common divisor of s and 19.
19
Let a(z) = -z**3 - 9*z**2 - 15*z - 11. Let w be a(-8). What is the highest common factor of w and 360?
45
Let k be ((-36)/10)/(5/(-75)). Let j be 3/(1 + (-5)/6). What is the highest common divisor of k and j?
18
Let p(b) = b**3 + 2*b**2 + 4*b + 4. Let o be p(-3). Let g = 18 + o. Calculate the greatest common divisor of 1 and g.
1
Let q(c) = c**2 + 11. Let g be q(-7). Suppose -j - 9*j = -g. What is the highest common factor of 42 and j?
6
Let q = 22 - -10. Suppose -q = -2*c - 116. Let z be ((c - -3) + 1)*-1. What is the highest common factor of 152 and z?
38
Suppose -132 = -3*k - 3*g, 5*k + 2*g - 200 = g. What is the greatest common factor of k and 69?
3
Let k(b) = 19*b + 286. Let p be k(-10). What is the highest common divisor of p and 512?
32
Let w(q) = 34*q + 7. Let d be w(1). Let p = d + -39. What is the highest common divisor of 6 and p?
2
Let t(s) = 2*s**3 + 2*s**2 + 6*s - 4. Let b be t(4). What is the highest common factor of 36 and b?
36
Suppose 0 = 5*q - 122 + 37. Let o be 3/(-2)*39/(234/(-748)). Calculate the greatest common divisor of q and o.
17
Let y(g) = -46*g - 34. Suppose -3*p - 31 = 4*h, 2 - 4 = 2*p. Let o be y(h). What is the highest common factor of 36 and o?
36
Suppose 16*r + 69 = 21. Let i be r/12 - 226/(-8). What is the highest common factor of 4 and i?
4
Suppose -21 - 11 = -2*a. Let o(m) = m**2 + 9*m - 6. Let w be o(-10). Suppose 2*f - w*f = -16. Calculate the highest common divisor of a and f.
8
Let f(a) = -5*a + 0 + 4 + 5. Let h be f(-8). Suppose -5*m - 2*g = -55, 3*m - 3*g = -g + h. What is the highest common divisor of m and 13?
13
Suppose 0 = j - 14 + 3. Let f = j - -14. Calculate the highest common factor of 15 and f.
5
Let v = -774 + 814. What is the greatest common factor of v and 55?
5
Let y(j) = -j**3 + 10*j**2 + j - 11. Let p be y(9). Let c = p + 161. What is the greatest common divisor of c and 48?
48
Let j be (26/(-10)*-2)/(8/20). What is the highest common divisor of j and 559?
13
Let v(g) = 7*g**2 + 1. Let b = 1 + -2. Let y be v(b). Suppose 4*n = 2*c - y, 2*n - 7*n - 7 = -c. What is the greatest common factor of 3 and c?
1
Let y = 21 + -15. Let t be 252 - y*1/2. Suppose -4*v + 7*v = 3*d + t, 2*v + 2*d = 174. What is the greatest common factor of 34 and v?
17
Let n be 2*(0 + -2) + 4. Suppose 300 = -n